or of 236663865 and 45720.
5715
What is the highest common divisor of 82 and 2357049?
41
Calculate the greatest common divisor of 92003735 and 5.
5
What is the greatest common factor of 106029 and 29043?
63
Calculate the highest common divisor of 417984 and 240.
48
What is the greatest common divisor of 84645950 and 95?
95
Calculate the greatest common divisor of 12 and 35022144.
12
Calculate the highest common divisor of 287 and 28650636.
287
Calculate the highest common factor of 5017910 and 80.
10
What is the greatest common factor of 330806915 and 145?
145
What is the greatest common factor of 246804 and 161916?
1572
Calculate the highest common divisor of 84601 and 6985.
11
What is the highest common factor of 49 and 25300954?
49
Calculate the highest common factor of 33 and 851791347.
33
What is the greatest common factor of 7981008 and 68544?
336
What is the greatest common divisor of 1426815 and 1365?
195
Calculate the greatest common divisor of 135 and 5225505.
15
Calculate the greatest common factor of 313327 and 141729.
119
Calculate the greatest common divisor of 511 and 71442983.
73
Calculate the greatest common factor of 81 and 99166257.
9
Calculate the highest common factor of 38475 and 590805.
855
Calculate the highest common divisor of 1189 and 538414.
29
What is the highest common divisor of 108118252 and 3177?
353
What is the highest common divisor of 679396 and 234236?
124
Calculate the highest common divisor of 6066829 and 725.
29
What is the greatest common factor of 1641 and 2844947?
547
What is the highest common divisor of 12393088 and 512?
128
What is the greatest common factor of 415 and 3190710?
5
What is the highest common factor of 280112 and 84112?
112
Calculate the highest common factor of 5574 and 506414622.
5574
What is the greatest common factor of 81 and 7861086?
9
What is the highest common factor of 254431 and 55969?
97
Calculate the greatest common factor of 36967 and 6953.
1
Calculate the highest common divisor of 22078070 and 850.
170
What is the highest common factor of 4829 and 587172597?
4829
Calculate the highest common factor of 22766385 and 13095.
1455
What is the highest common factor of 143 and 6300684?
13
Calculate the highest common divisor of 1150 and 7563550.
1150
What is the highest common factor of 104583 and 434535?
1473
Calculate the highest common divisor of 6195299 and 12441.
319
What is the highest common factor of 373748 and 232964?
1676
What is the highest common divisor of 48617 and 20657443?
797
What is the highest common factor of 15 and 3060501?
3
Calculate the greatest common divisor of 53603120 and 130.
10
What is the highest common factor of 168 and 650832?
168
What is the highest common factor of 459186 and 1533?
21
Calculate the greatest common factor of 305 and 108750678.
61
What is the highest common factor of 543120 and 109740?
1860
What is the greatest common factor of 33 and 36862771?
11
Calculate the greatest common divisor of 17154 and 1665.
9
Calculate the highest common factor of 2980458 and 129861.
423
What is the greatest common divisor of 168912000 and 460?
460
Calculate the greatest common factor of 46 and 9178403.
23
Calculate the greatest common factor of 1791 and 18470384.
199
What is the highest common divisor of 12134616 and 492?
12
Calculate the greatest common factor of 15633365 and 33.
11
What is the highest common divisor of 69647314 and 37521?
4169
What is the greatest common divisor of 927253 and 67179?
457
What is the greatest common divisor of 17980896 and 192?
96
Calculate the greatest common factor of 94601 and 103493.
247
Calculate the greatest common divisor of 464 and 2582566.
58
What is the highest common divisor of 16000 and 37060352?
128
Calculate the greatest common factor of 4871526 and 1364.
682
What is the greatest common divisor of 6011005 and 286?
143
What is the greatest common factor of 1587851 and 1564?
391
Calculate the highest common factor of 368492 and 70788.
68
Calculate the greatest common divisor of 1809 and 50979.
3
Calculate the greatest common factor of 392 and 1260904.
8
What is the greatest common divisor of 365488 and 402800?
848
What is the greatest common divisor of 4979320 and 173656?
3544
Calculate the greatest common factor of 38767432 and 232.
232
What is the greatest common divisor of 2292 and 8938036?
764
Calculate the greatest common divisor of 2480 and 355568.
16
Calculate the highest common factor of 89922684 and 27168.
3396
Calculate the highest common divisor of 19049289 and 4998.
147
What is the greatest common divisor of 2671250 and 8750?
1250
Calculate the greatest common divisor of 664 and 39716.
4
Calculate the highest common factor of 58206313 and 1441.
1441
Calculate the highest common factor of 276 and 73427799.
69
What is the greatest common factor of 13587050 and 3250?
50
Calculate the highest common divisor of 10892 and 77084.
28
Calculate the highest common divisor of 6 and 16867986.
6
What is the highest common divisor of 6897345 and 2472405?
6045
What is the highest common factor of 7821 and 1273085?
869
What is the greatest common factor of 665380 and 15770?
190
Calculate the greatest common factor of 5280 and 6393600.
480
What is the highest common factor of 1086 and 471518032?
362
What is the greatest common factor of 1409305 and 20840?
2605
Calculate the highest common factor of 1490076741 and 1814.
907
Calculate the greatest common divisor of 2387496 and 93.
93
Calculate the highest common divisor of 1036 and 10182452.
28
What is the greatest common factor of 2787484 and 65653?
791
Calculate the greatest common factor of 85563 and 455517.
27
What is the highest common factor of 6255087 and 4571?
653
Calculate the highest common factor of 33839 and 78316461.
2603
Calculate the highest common divisor of 542604360 and 5364.
1788
What is the greatest common divisor of 1167 and 1074965712?
1167
What is the highest common divisor of 176256 and 5919723?
1377
What is the greatest common divisor of 266 and 403181938?
38
What is the highest common factor of 48443364 and 24?
12
Calculate the greatest common factor of 173 and 702774613.
173
What is the highest common factor of 1094212 and 112?
28
Calculate the highest common divisor of 223185595 and 145.
145
What is the highest common factor of 581756 and 3792?
316
What is the greatest common divisor of 26562 and 593465912?
8854
What is the greatest common factor of 27188 and 45296179?
971
What is the greatest common factor of 80208 and 164160?
144
What is the highest common factor of 41522 and 110193?
1597
What is the greatest common divisor of 2244004423 and 277?
277
Calculate the greatest common factor of 304 and 12681778.
38
What is the highest common factor of 1416 and 389633404?
236
Calculate the highest common divisor of 33927 and 12058287.
789
Calculate the highest common divisor of 735 and 61005.
735
What is the greatest common divisor of 4379455 and 103815?
3845
What is the greatest common divisor of 9225669 and 11928?
213
Calculate the greatest common divisor of 9 and 87589.
1
What is the greatest common factor of 9349740 and 22495?
2045
What is the highest common factor of 4117386 and 37947?
273
What is the highest common divisor of 1292564 and 9540?
212
Calculate the highest common factor of 66171 and 418966413.
9453
Calculate the greatest common divisor of 28 and 1565433394.
14
Calculate the highest common factor of 2431740 and 140.
20
Calculate the greatest common divisor of 2124 and 3672042.
354
What is the greatest common divisor of 50 and 3349225?
25
Calculate the greatest common factor of 1219 and 13498907.
23
Calculate the greatest common factor of 17612455 and 20.
5
What is the greatest common divisor of 496860 and 384825?
105
What is the greatest common factor of 2483892 and 4653816?
2532
Calculate the greatest common divisor of 50 and 12340175.
25
Calculate the greatest common factor of 564900 and 80115.
105
What is the greatest common factor of 948 and 191812?
316
Calculate the highest common factor of 260834 and 496.
62
Calculate the greatest common factor of 144072 and 77544.
216
Calculate the highest common divisor of 493 and 355657.
17
Calculate the highest common factor of 21154713 and 222.
111
What is the greatest 